a prime number?
True
Is 181403 a composite number?
True
Is 2357 a prime number?
True
Is 168835 prime?
False
Is 80843 a composite number?
True
Is 1543 prime?
True
Is 18593 composite?
False
Is 25841 prime?
True
Is 1399 a composite number?
False
Is 448303 prime?
True
Is 1446151 a prime number?
False
Is 469 a composite number?
True
Is 558149 a composite number?
False
Is 1039 a prime number?
True
Is 1737647 a prime number?
True
Is 575009 a prime number?
True
Is 10261 a prime number?
False
Is 702483 a prime number?
False
Is 16355 a prime number?
False
Is 837569 composite?
True
Is 689 composite?
True
Is 4971 a composite number?
True
Is 24943 composite?
False
Is 2049419 a prime number?
True
Is 9466 a composite number?
True
Is 196133 composite?
True
Is 276226 composite?
True
Is 4737 a composite number?
True
Is 527477 a composite number?
True
Is 265961 composite?
False
Is 9029 a composite number?
False
Is 517 prime?
False
Is 91473 a prime number?
False
Is 19841 a prime number?
True
Is 1668769 prime?
False
Is 23234 a prime number?
False
Is 29199 composite?
True
Is 334 composite?
True
Is 16319 a composite number?
False
Is 27562 composite?
True
Is 190979 composite?
False
Is 3393002 composite?
True
Is 436957 prime?
True
Is 23757 composite?
True
Is 20063 composite?
False
Is 1363 a prime number?
False
Is 583 a composite number?
True
Is 5533 composite?
True
Is 11197 a prime number?
True
Is 279599 prime?
False
Is 105613 prime?
True
Is 81449 composite?
True
Is 14095 a composite number?
True
Is 50021 prime?
True
Is 13163 a prime number?
True
Is 46589 prime?
True
Is 612371 composite?
False
Is 407063 a composite number?
True
Is 348267 a prime number?
False
Is 68633 a composite number?
False
Is 3755 a prime number?
False
Is 6523 prime?
False
Is 1030763 prime?
True
Is 261071 prime?
True
Is 15095 a composite number?
True
Is 8278 a prime number?
False
Is 9371 a prime number?
True
Is 2893897 a prime number?
True
Is 15791 a prime number?
True
Is 30109 prime?
True
Is 299121 prime?
False
Is 6623 prime?
False
Is 443481 a composite number?
True
Is 879467 a composite number?
True
Is 748681 a prime number?
False
Is 285531 composite?
True
Is 4562 a composite number?
True
Is 5227 a composite number?
False
Is 47503 a prime number?
False
Is 21541 a composite number?
True
Is 295535 prime?
False
Is 5701 a composite number?
False
Is 99461 a prime number?
False
Is 1901 composite?
False
Is 194189 a composite number?
True
Is 156659 a prime number?
True
Is 4237 composite?
True
Is 192733 prime?
False
Is 112031 a composite number?
False
Is 99079 composite?
False
Is 215126 a composite number?
True
Is 336977 prime?
True
Is 30467 prime?
True
Is 12301 composite?
False
Is 268267 a composite number?
False
Is 42593 a prime number?
False
Is 190979 a composite number?
False
Is 353489 a composite number?
False
Is 31933 prime?
False
Is 661567 a composite number?
True
Is 340201 composite?
False
Is 9239 composite?
False
Is 66223 prime?
False
Is 78331 composite?
True
Is 1297123 composite?
False
Is 9091 prime?
True
Is 11027 composite?
False
Is 815 a prime number?
False
Is 435759 a composite number?
True
Is 10099 composite?
False
Is 411 prime?
False
Is 65579 prime?
True
Is 1949 prime?
True
Is 41077 composite?
False
Is 199081 prime?
True
Is 8491 a composite number?
True
Is 1101211 prime?
True
Is 3053 prime?
False
Is 28253 prime?
False
Is 2237 composite?
False
Is 9995 composite?
True
Is 1280735 a composite number?
True
Is 64969 composite?
False
Is 225089 a composite number?
False
Is 26981 prime?
True
Is 600791 prime?
True
Is 5857 a prime number?
True
Is 213263 prime?
True
Is 2272397 prime?
True
Is 175447 prime?
True
Is 4289 a prime number?
True
Is 104789 a composite number?
False
Is 39761 a composite number?
False
Is 28642 a composite number?
True
Is 2073 a composite number?
True
Is 14143 a prime number?
True
Is 2327 a composite number?
True
Is 19711 a prime number?
False
Is 12667 prime?
False
Is 270059 composite?
False
Is 12979 composite?
False
Is 889 a composite number?
True
Is 37951 composite?
False
Is 16621 prime?
False
Is 11567 a prime number?
False
Is 46711 a composite number?
True
Is 95674 a prime number?
False
Is 715301 composite?
False
Is 249965 prime?
False
Is 51139 a composite number?
True
Is 29473 prime?
True
Is 47303 prime?
True
Is 86683 prime?
False
Is 23423 composite?
True
Is 2819 composite?
False
Is 15037 a composite number?
True
Is 88223 prime?
True
Is 797 a composite number?
False
Is 4259 composite?
False
Is 8035 prime?
False
Is 39607 prime?
True
Is 28321 composite?
True
Is 37649 a prime number?
True
Is 4291 a prime number?
False
Is 4561 a prime number?
True
Is 151783 composite?
False
Is 7241 a prime number?
False
Is 158551 a composite number?
False
Is 224197 prime?
True
Is 9491 a composite number?
False
Is 18659 a composite number?
True
Is 154733 composite?
False
Is 338531 prime?
True
Is 65623 a prime number?
False
Is 227463 a composite number?
True
Is 310019 a composite number?
False
Is 32309 a composite number?
False
Is 447611 composite?
False
Is 375619 a composite number?
True
Is 1437 a composite number?
True
Is 92429 prime?
False
Is 449 a prime number?
True
Is 164729 a composite number?
False
Is 1563 composite?
True
Is 10061 a prime number?
True
Is 165311 a prime number?
True
Is 8501 prime?
True
Is 152785 a composite number?
True
Is 895457 a composite number?
False
Is 3589 a composite number?
True
Is 6749 prime?
False
Is 377147 a composite number?
False
Is 18671 composite?
False
Is 302903 prime?
True
Is 229441 composite?
True
Is 426331 prime?
True
Is 254627 prime?
True
Is 8999 a composite number?
False
Is 219451 composite?
False
Is 145 prime?
False
Is 6529015 composite?
True
Is 26279 a composite number?
True
Is 250643 a composite number?
False
Is 817783 a composite number?
False
Is 1080283 a composite number?
True
Is 109567 a prime number?
True
Is 14143 prime?
True
Is 408949 a composite number?
True
Is 11269 prime?
False
Is 21631 a prime number?
False
Is 803683 a prime number?
False
Is 8689 composite?
False
Is 161087 prime?
True
Is 2595129 composite?
True
Is 120035 a composite number?
True
Is 17021 a prime number?
True
Is 10781 prime?
True
Is 4499 a prime number?
False
Is 4399 composite?
True
Is 2386 a composite number?
True
Is 20477 a prime number?
True
Is 718999 a composite number?
False
Is 2579 a composite number?
False
Is 1797 composite?
True
Is 298513 a composite number?
False
Is 115 prime?
False
Is 3049895 composite?
True
Is 33541 prime?
False
Is 7801 composite?
True
Is 718 a composite number?
True
Is 73093 a composite number?
True
Is 37165 a prime number?
False
Is 6541 prime?
False
Is 595535 a composite number?
True
Is 271829 a composite number?
False
Is 387391 a composite number?
True
Is 242981 a composite number?
True
Is 10841 composite?
True
Is 2309 prime?
True
Is 27733 prime?
True
Is 561467 prime?
False
Is 168145 composite?
True
Is 3035 a prime number?
False
Is 386363 prime?
True
Is 10663 a composite number?
False
Is 240233 composite?
True
Is 2803297 composite?
True
Is 7993 a composite number?
False
Is 2340313 a composite number?
False
Is 25523 composite?
False
Is 1276817 a composite number?
False
Is 1241 composite?
True
Is 24191 composite?
True
Is 25835 prime?
False
Is 917 prime?
False
Is 5903 a prime number?
True
Is 50207 prime?
True
Is 4927 composite?
True
Is 34115 a prime number?
False
Is 223507 composite?
False
Is 11567 a composite number?
True
Is 79579 prime?
True
Is 133411 prime?
False
Is 229101 a prime number?
False
Is 59483 a composite number?
True
Is 35831 a prime number?
True
Is 270407 composite?
False
Is 1987 prime?
True
Is 174389 a composite number?
False
Is 121309 a composite number?
False
Is 191 prime?
True
Is 16057 composite?
False
Is 48667 a composite number?
True
Is 8605 a prime number?
False
Is 795437 a composite number?
True
Is 2279993 composite?
False
Is 10181 a prime number?
True
Is 73522 prime?
False
Is 8981 a composite number?
True
Is 7355 prime?
False
Is 361541 a composite number?
False
Is 951221 a prime number?
True
Is 22121 composite?
True
Is 5759 a composite number?
True
Is 523657 a composite number?
False
Is 161 composite?
True
Is 29273 prime?
False
Is 6731 a prime number?
False
Is 3453 a prime number?
False
Is 168193 a prime number?
True
I